ns digit of f(-5)?
3
Suppose 4*z + 1795 = 12431. What is the thousands digit of z?
2
What is the units digit of 6/(-8)*582*(-2)/3?
1
Let c(h) = -4*h**2 + 17*h + 40. Let z(v) = 3*v**2 - 11*v - 27. Let d(s) = 5*c(s) + 7*z(s). Let a be d(-8). Let w = 6 + a. What is the units digit of w?
7
Suppose 4 - 2 = j. Suppose j*s - 2 = 2. Suppose 30 + 6 = s*o. What is the units digit of o?
8
Let u be 6/(-21) + 52/(-14). Let t(p) = p**3 + 3*p**2 - 6*p - 4. Let b be t(u). Suppose 0 = -k + b - 3. What is the units digit of k?
1
Suppose -s = -2*s + 32. Suppose w - 1 = -3*k - 17, -2*w - 34 = 4*k. Let o = s + w. What is the units digit of o?
3
Suppose 20 = -2*z + 5*b - 2*b, b = 2. Let c(j) = j**3 + 10*j**2 + 9*j + 10. What is the units digit of c(z)?
4
Let y(d) = -6*d - 5. Let h(z) = -6*z + 2. Let c be h(2). What is the tens digit of y(c)?
5
Let c(w) = 6*w**2 + 109*w + 94. What is the units digit of c(-27)?
5
Let p = -16 - -28. Suppose -3*d = 3*u + p, d + 30 = -2*d + 3*u. Let c = d + 28. What is the tens digit of c?
2
Let j(p) = -p**2 + p**2 - 6*p - 7 + 3*p**2 - 2*p**2. Let k be j(7). Suppose k = -0*g - 2*g - 2*x + 28, 0 = -2*g + x + 25. What is the tens digit of g?
1
Suppose 9*y - 4*y + 10 = 5*o, 2*o - 5*y = 19. Let h(m) = -4*m - 8. Let g be h(o). Suppose 0 = g*a - 46 - 18. What is the tens digit of a?
1
Let k(f) = -f**2 + 5*f + 5. Let r(a) = a**2 + 8*a + 8. Let q be r(-6). Let o be k(q). Let d = 65 + o. What is the units digit of d?
4
Let p = 1273 + -909. What is the units digit of p?
4
What is the units digit of 2158/8 + (148/16 - 9)?
0
Let s be 10 + -8 + (-1)/(2/(-2)). What is the units digit of 3 + -1 - s - -32?
1
What is the hundreds digit of 0 + (62/31 - -2034*1)?
0
Suppose 3*o = 5*o. Let s be (o + (-3)/(-3))*29. Suppose 4*g - 17 = c, -4*g + 3*c - 6*c = -s. What is the units digit of g?
5
Let s(l) = l**2 - 8*l + 1179. What is the tens digit of s(0)?
7
Suppose 0*o = -2*o. Let l be 0 + 0/1 + o. Suppose 0 = d - i - 1, 3*i = -3*d - l*i + 15. What is the units digit of d?
3
Let c be ((-16)/(-14))/(4/14). Suppose 0 = 3*x - c*z - 8, 0 - 7 = -2*x + z. Suppose 2*j + 1 = 5*f, -5*f + 13 = x*j - 0*f. What is the units digit of j?
2
Suppose 0 = 4*z + 182 + 90. What is the tens digit of (-4)/(-5)*-1*1190/z?
1
What is the units digit of 14*((-55)/(-10) - 5)?
7
Let z be -6 + 0/4 + -4. Let m(r) = -18*r - 21. What is the units digit of m(z)?
9
Suppose -22*t = -11*t - 3586. What is the tens digit of t?
2
Let p(z) = 2*z**3 - 3*z**2 - z + 503. What is the units digit of p(0)?
3
Let y(u) = 0 - 2*u + 4 + 2 - 13. Let v be y(7). What is the units digit of (v - -12)/(2/(-6))?
7
Let r = 85 + -80. What is the units digit of (2*r/(-4))/(3/(-102))?
5
Let c = -16 - -61. Suppose -f - c = -2*f. What is the units digit of f?
5
Let z = 65 + -39. What is the tens digit of z?
2
Suppose -5*x - 113 - 27 = 0. Suppose 2*f + 2 = 4, 0 = -5*k + 5*f + 320. Let a = k + x. What is the tens digit of a?
3
Let s be (10/(-7))/((-32)/224). Suppose -300 = -5*q - s. What is the tens digit of q?
5
Let o = 195 + -52. What is the units digit of o/(-33)*(-3 - 0)?
3
Let b(i) be the third derivative of 1/2*i**4 + 0*i - 1/2*i**3 - 5*i**2 - 1/60*i**5 + 0. What is the tens digit of b(10)?
1
Let s = 1724 - -168. Suppose 2*j + 9*j = s. What is the units digit of j?
2
Suppose -5644 = -11*u + 12803. What is the tens digit of u?
7
Let u(h) = -885*h + 1. What is the thousands digit of u(-2)?
1
Suppose 5360 = 42*b - 7870. What is the hundreds digit of b?
3
What is the hundreds digit of 43/(-172)*-1*1324?
3
Suppose -5*s - 5*y = -1215, -15*y = 3*s - 16*y - 725. What is the units digit of s?
2
What is the thousands digit of 10/(-35) + 105885/35?
3
Let y(w) = -w**3 + 16*w**2 - 4*w + 19. What is the hundreds digit of y(14)?
3
Suppose 12 = -q + 5*q. Suppose 0 = -3*l + q*v - 31 + 136, -v + 89 = 3*l. What is the tens digit of l?
3
Let c(n) = -n**2 + 3*n. Let j be c(3). Suppose -g = d - j*d - 21, -15 = -5*g. What is the units digit of d/(-15)*35/(-2)?
1
What is the tens digit of -10*(-35)/4 + (-9)/18?
8
Let s(z) = z**2 - 22*z + 1. Let i = -39 + 55. Let k be s(i). Let a = k - -158. What is the tens digit of a?
6
Suppose 8*a = 19 + 5. What is the tens digit of -61*(-3 + -1 + a)?
6
Let x(l) = -l**3 - 38*l**2 - 14*l - 80. What is the tens digit of x(-38)?
5
Let g be (-788)/(-14) - 2/7. Let d = -70 - -50. Let a = d + g. What is the tens digit of a?
3
Let s(x) = 2*x + 1. Let z(r) = r + 1. Let q(b) = 3*s(b) - 5*z(b). Let m be q(4). Suppose 0 = 6*v - 2*v + 5*n - 3, m*v - 8 = 4*n. What is the units digit of v?
2
Suppose -58*p + 77968 = 7150. What is the tens digit of p?
2
Suppose 2*j = -2*i + 752, 0 = -j + 4*j + 5*i - 1126. What is the hundreds digit of j?
3
Let w(h) = h - 4. Let p be w(4). Suppose -5*b = k + 5 + 2, p = 4*k - 3*b - 18. Suppose 0 = q + 4*n - 10, -5*q + 4*n - 4 = -k*q. What is the units digit of q?
2
Suppose 123*z - 266666 = -3077. What is the tens digit of z?
4
Let k(y) = -439*y + 60. Let r be k(-9). What is the units digit of r/(-84)*2*2*-1?
1
Let c(b) = -55*b - 93. What is the units digit of c(-9)?
2
Let l(o) = 4*o**2 + 29*o - 8. What is the units digit of l(-12)?
0
Let j(g) = -11*g - 82. What is the units digit of j(-25)?
3
Let g = -11 + 167. What is the tens digit of g?
5
Suppose -6*n + 30 = -0. Let f(m) = -m**3 + 4*m**2 + 8*m - 12. What is the units digit of f(n)?
3
Suppose 947 - 3236 = -7*j. What is the hundreds digit of j?
3
Suppose 48*l = 69*l - 98868. What is the thousands digit of l?
4
What is the tens digit of 13/(130/4540) + 4 + 0?
5
Let w(q) = q**2 + q + 1. Let a(n) = -n**2 + 4*n - 1. Let d(h) = -h**2 + 3*h - 2. Let k(r) = 4*a(r) - 3*d(r). Let p be k(7). What is the units digit of w(p)?
7
Let j be 283/3 - (-15)/(-45). Let t = j + -56. What is the units digit of t?
8
Suppose -7*s - u + 193 = -3*s, 3*s = -2*u + 151. Suppose 45 = 2*p - s. What is the tens digit of p?
4
Let b be (5 + -5 + 157)*2. Suppose b - 1644 = -5*h. What is the units digit of h?
6
Let m = 501 - 372. What is the hundreds digit of m?
1
Suppose 6 = -4*o - 6. Suppose 6*v - 9*v + 39 = 0. Let u = v - o. What is the tens digit of u?
1
Let b = -25 - -32. Suppose b*z = z + 450. What is the units digit of z?
5
Let v(w) = -3*w**3 + 86*w**2 + 14*w. What is the tens digit of v(28)?
6
Suppose 0 = 16*t - 2330 - 1222. What is the tens digit of t?
2
Let t(f) = 7*f**2 + 4*f + 8. What is the units digit of t(-7)?
3
What is the tens digit of ((-5)/(-3))/((-145)/(-74385))?
5
Let h = -10 - -4. Let b(m) = -m**3 - 6*m**2 - 6*m - 18. What is the units digit of b(h)?
8
What is the units digit of 27/18*(-3208)/(-12)?
1
Let b = 585 + -158. What is the hundreds digit of b?
4
Suppose 5*n - 2*n = 2*h, -3*h = 0. Suppose 114 = -n*a + 2*a. What is the tens digit of a?
5
Suppose -24*r + 41567 - 5231 = 0. What is the units digit of r?
4
Let b = 3865 - 2666. What is the hundreds digit of b?
1
Let s(d) = -2*d - 10. Let j be s(-8). What is the hundreds digit of 1/(-3)*1 - (-632)/j?
1
Let u be -4 - -3 - (2 - 5). Let l be u/(-5) - 1102/95. What is the tens digit of 1 + 45*(-8)/l?
3
Let t be (-4*147/(-6))/((-18)/(-117)). Suppose 5*j + 7 = t. What is the tens digit of j?
2
Let b be (19 + 0)/((-5)/(-60)*2). Suppose b*y = 113*y + 66. What is the tens digit of y?
6
Suppose 0 = -r - 0*r + 45. What is the units digit of 4*r/6*(-48)/(-18)?
0
Let a(n) = -71*n**3 + 4*n + 3. What is the units digit of a(-1)?
0
Let r be 5 + (-2)/2*39. Suppose 0 = -0*i + 4*i + 212. Let b = r - i. What is the tens digit of b?
1
Suppose 5*y - 23 - 7 = 0. Suppose -y*p = -355 - 245. What is the tens digit of p?
0
Suppose 7*z = 22*z - 3315. What is the tens digit of z?
2
Let k be ((-2)/(-1))/2*(-8 - -11). Suppose -4*p = 2*a - 700, 532 = 3*p + 8*a - k*a. What is the hundreds digit of p?
1
Let j be 8/(-10) - (-152)/40. Suppose c - j*c = -94. What is the tens digit of c?
4
Let n = 14 - 12. Suppose -m - 1 = n. What is the units digit of m/((-9)/12) + 0?
4
Suppose 0 = 2*t - 3*t - 19. Let x = t + 18. Let i(q) = -6*q**3 + 2*q**2 - 1. What is the units digit of i(x)?
7
Let u(i) = -3*i + 5. Let d be u(-2). Suppose -h - 11 - d = 0. What is the tens digit of 0*4/(-12) - h?
2
What is the units digit of (-1)/6 - 4948/(-24)?
6
Let q(r) = -r**3 + 20*r**2 - 27*r + 15. What is the tens digit of q(18)?
7
Let w be 2742/(-102) + 4/(-34